{"id":16,"date":"2023-02-01T21:48:39","date_gmt":"2023-02-01T21:48:39","guid":{"rendered":"http:\/\/alamal-immobilier.ma\/immobililier-pour-tous\/?page_id=16"},"modified":"2023-02-01T21:48:39","modified_gmt":"2023-02-01T21:48:39","slug":"telecharger-ce-guide","status":"publish","type":"page","link":"https:\/\/alamal-immobilier.ma\/immobilier-pour-tous\/telecharger-ce-guide\/","title":{"rendered":"T\u00c9L\u00c9CHARGER CE GUIDE :"},"content":{"rendered":"\n<div class=\"wp-block-columns is-layout-flex wp-container-core-columns-is-layout-9d6595d7 wp-block-columns-is-layout-flex\">\n<div class=\"wp-block-column is-layout-flow wp-block-column-is-layout-flow\">\n<h4 class=\"wp-block-heading\">OURQUOI T\u00c9L\u00c9CHARGER CE GUIDE :<\/h4>\n\n\n\n<ul class=\"wp-block-list\">\n<li>Des conseils pratiques, concrets et faciles \u00e0 mettre en application.<\/li>\n\n\n\n<li>Des astuces anti-arnaque et anti-perte de temps.<\/li>\n\n\n\n<li>Des donn\u00e9es destin\u00e9es \u00e0 l\u2019immobilier de Suisse romande.<br><\/li>\n<\/ul>\n\n\n\n<p>\u00a0 Ce guide n\u2019est en aucun cas un support promotionnel pour nous, notre but est de vous aider \u00e0 r\u00e9aliser votre projet de vie et vous sensibiliser au monde de la\u00a0<a href=\"https:\/\/www.immo4g.ch\/glossaire\/transaction\/\">transaction<\/a>\u00a0immobili\u00e8re.<\/p>\n<\/div>\n\n\n\n<div class=\"wp-block-column is-layout-flow wp-block-column-is-layout-flow\">\n\n\n<p>injecter formulaire <\/p>\n<\/div>\n<\/div>\n","protected":false},"excerpt":{"rendered":"<p>OURQUOI T\u00c9L\u00c9CHARGER CE GUIDE : \u00a0 Ce guide n\u2019est en aucun cas un support promotionnel pour nous, notre but est de vous aider \u00e0 r\u00e9aliser votre projet de vie et vous sensibiliser au monde de la\u00a0transaction\u00a0immobili\u00e8re. injecter formulaire<\/p>\n","protected":false},"author":1,"featured_media":0,"parent":0,"menu_order":0,"comment_status":"closed","ping_status":"closed","template":"","meta":{"footnotes":""},"class_list":["post-16","page","type-page","status-publish","hentry"],"_links":{"self":[{"href":"https:\/\/alamal-immobilier.ma\/immobilier-pour-tous\/wp-json\/wp\/v2\/pages\/16","targetHints":{"allow":["GET"]}}],"collection":[{"href":"https:\/\/alamal-immobilier.ma\/immobilier-pour-tous\/wp-json\/wp\/v2\/pages"}],"about":[{"href":"https:\/\/alamal-immobilier.ma\/immobilier-pour-tous\/wp-json\/wp\/v2\/types\/page"}],"author":[{"embeddable":true,"href":"https:\/\/alamal-immobilier.ma\/immobilier-pour-tous\/wp-json\/wp\/v2\/users\/1"}],"replies":[{"embeddable":true,"href":"https:\/\/alamal-immobilier.ma\/immobilier-pour-tous\/wp-json\/wp\/v2\/comments?post=16"}],"version-history":[{"count":0,"href":"https:\/\/alamal-immobilier.ma\/immobilier-pour-tous\/wp-json\/wp\/v2\/pages\/16\/revisions"}],"wp:attachment":[{"href":"https:\/\/alamal-immobilier.ma\/immobilier-pour-tous\/wp-json\/wp\/v2\/media?parent=16"}],"curies":[{"name":"wp","href":"https:\/\/api.w.org\/{rel}","templated":true}]}}