{"id":33345,"date":"2024-12-17T22:50:46","date_gmt":"2024-12-17T22:50:46","guid":{"rendered":"https:\/\/alamal-immobilier.ma\/alamalimmo\/?post_type=estate_property&#038;p=33345"},"modified":"2025-03-26T17:14:39","modified_gmt":"2025-03-26T17:14:39","slug":"appartement-a-vendre-a-val-fleuri-sup-117-m-sans-vis-a-vis-3-chambres","status":"publish","type":"estate_property","link":"https:\/\/alamal-immobilier.ma\/alamalimmo\/estate_property\/appartement-a-vendre-a-val-fleuri-sup-117-m-sans-vis-a-vis-3-chambres\/","title":{"rendered":"&#8211;APPARTEMENT A VENDRE A VAL FLEURI SUP 117 M SANS VIS A VIS 3 CHAMBRES"},"content":{"rendered":"<p><a href=\"https:\/\/web.facebook.com\/bennani.immobiliercasa\/posts\/pfbid031t9fZUGf2mMCMKr84f9PBuYk6HwmSUKM2WQ2kuVU28TNQzcmEkJQ5kTbeub9KjB6l\" target=\"_blank\" rel=\"noopener\">https:\/\/web.facebook.com\/bennani.immobiliercasa\/posts\/pfbid031t9fZUGf2mMCMKr84f9PBuYk6HwmSUKM2WQ2kuVU28TNQzcmEkJQ5kTbeub9KjB6l<\/a><\/p>\n<p>Appartement a vendre \u00e0 val fleuri sup 117m sans vis a vis 3 chambres dont suite parentale 2 salons hall ensoleill\u00e9 etage \u00e9lev\u00e9 interess\u00e9 t 0661 200 780 prix 2000 000 l\u00e9g\u00e8rement negociable<\/p>\n\n\n<figure class=\"wp-block-embed is-type-video is-provider-youtube wp-block-embed-youtube wp-embed-aspect-16-9 wp-has-aspect-ratio\"><div class=\"wp-block-embed__wrapper\">\n<div class=\"video-container\"><iframe title=\"appartement a vendre a val fleuri  sup 117 m sans vis a vis\" width=\"1200\" height=\"675\" src=\"https:\/\/www.youtube.com\/embed\/Yu1qSEv-tY4?feature=oembed\" frameborder=\"0\" allow=\"accelerometer; autoplay; clipboard-write; encrypted-media; gyroscope; picture-in-picture; web-share\" referrerpolicy=\"strict-origin-when-cross-origin\" allowfullscreen><\/iframe><\/div>\n<\/div><\/figure>\n","protected":false},"excerpt":{"rendered":"<p>https:\/\/web.facebook.com\/bennani.immobiliercasa\/posts\/pfbid031t9fZUGf2mMCMKr84f9PBuYk6HwmSUKM2WQ2kuVU28TNQzcmEkJQ5kTbeub9KjB6l Appartement a vendre \u00e0 val fleuri sup 117m sans vis a vis 3 chambres dont suite parentale 2 salons hall ensoleill\u00e9 etage \u00e9lev\u00e9 interess\u00e9 t 0661 200 780 prix 2000 000 l\u00e9g\u00e8rement negociable<\/p>\n","protected":false},"featured_media":33472,"comment_status":"open","ping_status":"closed","template":"","property_category":[29],"property_action_category":[57],"property_city":[],"property_area":[],"property_county_state":[],"property_features":[],"property_status":[],"class_list":["post-33345","estate_property","type-estate_property","status-publish","has-post-thumbnail","hentry","property_category-appartement-vide","property_action_category-vente"],"_links":{"self":[{"href":"https:\/\/alamal-immobilier.ma\/alamalimmo\/wp-json\/wp\/v2\/estate_property\/33345","targetHints":{"allow":["GET"]}}],"collection":[{"href":"https:\/\/alamal-immobilier.ma\/alamalimmo\/wp-json\/wp\/v2\/estate_property"}],"about":[{"href":"https:\/\/alamal-immobilier.ma\/alamalimmo\/wp-json\/wp\/v2\/types\/estate_property"}],"replies":[{"embeddable":true,"href":"https:\/\/alamal-immobilier.ma\/alamalimmo\/wp-json\/wp\/v2\/comments?post=33345"}],"version-history":[{"count":0,"href":"https:\/\/alamal-immobilier.ma\/alamalimmo\/wp-json\/wp\/v2\/estate_property\/33345\/revisions"}],"wp:featuredmedia":[{"embeddable":true,"href":"https:\/\/alamal-immobilier.ma\/alamalimmo\/wp-json\/wp\/v2\/media\/33472"}],"wp:attachment":[{"href":"https:\/\/alamal-immobilier.ma\/alamalimmo\/wp-json\/wp\/v2\/media?parent=33345"}],"wp:term":[{"taxonomy":"property_category","embeddable":true,"href":"https:\/\/alamal-immobilier.ma\/alamalimmo\/wp-json\/wp\/v2\/property_category?post=33345"},{"taxonomy":"property_action_category","embeddable":true,"href":"https:\/\/alamal-immobilier.ma\/alamalimmo\/wp-json\/wp\/v2\/property_action_category?post=33345"},{"taxonomy":"property_city","embeddable":true,"href":"https:\/\/alamal-immobilier.ma\/alamalimmo\/wp-json\/wp\/v2\/property_city?post=33345"},{"taxonomy":"property_area","embeddable":true,"href":"https:\/\/alamal-immobilier.ma\/alamalimmo\/wp-json\/wp\/v2\/property_area?post=33345"},{"taxonomy":"property_county_state","embeddable":true,"href":"https:\/\/alamal-immobilier.ma\/alamalimmo\/wp-json\/wp\/v2\/property_county_state?post=33345"},{"taxonomy":"property_features","embeddable":true,"href":"https:\/\/alamal-immobilier.ma\/alamalimmo\/wp-json\/wp\/v2\/property_features?post=33345"},{"taxonomy":"property_status","embeddable":true,"href":"https:\/\/alamal-immobilier.ma\/alamalimmo\/wp-json\/wp\/v2\/property_status?post=33345"}],"curies":[{"name":"wp","href":"https:\/\/api.w.org\/{rel}","templated":true}]}}

<p><a href="https://web.facebook.com/bennani.immobiliercasa/posts/pfbid031t9fZUGf2mMCMKr84f9PBuYk6HwmSUKM2WQ2kuVU28TNQzcmEkJQ5kTbeub9KjB6l" target="_blank" rel="noopener">https://web.facebook.com/bennani.immobiliercasa/posts/pfbid031t9fZUGf2mMCMKr84f9PBuYk6HwmSUKM2WQ2kuVU28TNQzcmEkJQ5kTbeub9KjB6l</a></p>
<p>Appartement a vendre à val fleuri sup 117m sans vis a vis 3 chambres dont suite parentale 2 salons hall ensoleillé etage élevé interessé t 0661 200 780 prix 2000 000 légèrement negociable</p>


<figure class="wp-block-embed is-type-video is-provider-youtube wp-block-embed-youtube wp-embed-aspect-16-9 wp-has-aspect-ratio"><div class="wp-block-embed__wrapper">
<div class="video-container"><iframe title="appartement a vendre a val fleuri  sup 117 m sans vis a vis" width="1200" height="675" src="https://www.youtube.com/embed/Yu1qSEv-tY4?feature=oembed" frameborder="0" allow="accelerometer; autoplay; clipboard-write; encrypted-media; gyroscope; picture-in-picture; web-share" referrerpolicy="strict-origin-when-cross-origin" allowfullscreen></iframe></div>
</div></figure>

<p>https://web.facebook.com/bennani.immobiliercasa/posts/pfbid031t9fZUGf2mMCMKr84f9PBuYk6HwmSUKM2WQ2kuVU28TNQzcmEkJQ5kTbeub9KjB6l Appartement a vendre à val fleuri sup 117m sans vis a vis 3 chambres dont suite parentale 2 salons hall ensoleillé etage élevé interessé t 0661 200 780 prix 2000 000 légèrement negociable</p>
