{"id":775,"date":"2020-03-23T14:41:45","date_gmt":"2020-03-23T13:41:45","guid":{"rendered":"http:\/\/alamal-immobilier.ma\/agence\/?page_id=775"},"modified":"2024-09-04T01:48:36","modified_gmt":"2024-09-04T00:48:36","slug":"investir","status":"publish","type":"page","link":"https:\/\/alamal-immobilier.ma\/agence\/investir\/","title":{"rendered":"investir"},"content":{"rendered":"\t\t<div data-elementor-type=\"wp-page\" data-elementor-id=\"775\" class=\"elementor elementor-775\">\n\t\t\t\t\t\t<section class=\"elementor-section elementor-top-section elementor-element elementor-element-580504a3 elementor-section-boxed elementor-section-height-default elementor-section-height-default\" data-id=\"580504a3\" data-element_type=\"section\" data-e-type=\"section\">\n\t\t\t\t\t\t<div class=\"elementor-container elementor-column-gap-default\">\n\t\t\t\t\t<div class=\"elementor-column elementor-col-100 elementor-top-column elementor-element elementor-element-26f78231\" data-id=\"26f78231\" data-element_type=\"column\" data-e-type=\"column\">\n\t\t\t<div class=\"elementor-widget-wrap elementor-element-populated\">\n\t\t\t\t\t\t<div class=\"elementor-element elementor-element-3523041f elementor-widget elementor-widget-text-editor\" data-id=\"3523041f\" data-element_type=\"widget\" data-e-type=\"widget\" data-widget_type=\"text-editor.default\">\n\t\t\t\t<div class=\"elementor-widget-container\">\n\t\t\t\t\t\t\t\t\t<p>Tout ce qu&rsquo;il faut savoir avant d&rsquo;investir au Maroc<\/p>\n<p>Acheter un bien immobilier \u00e0 l&rsquo;\u00e9tranger ne s&rsquo;improvise pas. N&rsquo;h\u00e9sitez donc pas \u00e0 vous faire aider par des professionnels comme votre banquier. Le Maroc a l&rsquo;avantage d&rsquo;\u00eatre francophone, mais certaines pr\u00e9cautions sont \u00e0 prendre. Le point sur les d\u00e9marches \u00e0 effectuer.<\/p>\n<p><b>1. Prenez le temps de d\u00e9couvrir la r\u00e9gion&#8230;<\/b><\/p>\n<p>Il est indispensable de passer un peu de temps sur place avant tout achat immobilier. Vous n&rsquo;achetez pas seulement un logement : vous optez pour une ville, un quartier, qui vont devenir votre cadre de vie lors de vos s\u00e9jours. L&rsquo;environnement vous convient-il ? Pouvez-vous vous adapter \u00e0 son rythme et \u00e0 son style (bruit, passage, \u00e9loignement du centre&#8230;) ? Les \u00e9quipements et les infrastructures sont-ils adapt\u00e9s \u00e0 vos besoins ?<\/p>\n<p><b>2. Apprenez \u00e0 conna\u00eetre le march\u00e9<\/b><\/p>\n<p>N&rsquo;h\u00e9sitez pas \u00e0 multiplier les visites, pour vous familiariser avec les prix locaux. Visitez plusieurs biens pour les appr\u00e9cier \u00e0 leur juste valeur et pouvoir les comparer. Cela vous \u00e9vitera de mauvaises surprises.<\/p>\n<p><b>3. Procurez-vous le titre de propri\u00e9t\u00e9 avant la signature du compromis de vente<\/b><\/p>\n<p>Il est imp\u00e9ratif d&rsquo;obtenir le titre de propri\u00e9t\u00e9 aupr\u00e8s de la Conservation Fonci\u00e8re et de le faire traduire le cas \u00e9ch\u00e9ant. Certains biens non titr\u00e9s, dits \u00ab melkia \u00bb, sont r\u00e9gis par le droit musulman et ne sont pas encore inscrits \u00e0 la Conservation Fonci\u00e8re. Les v\u00e9rifications sont imp\u00e9ratives, car le bien peut appartenir, par suite de successions, \u00e0 de nombreux h\u00e9ritiers.<\/p>\n<p><b>4. Ouvrez un compte bancaire au Maroc<\/b><\/p>\n<p>Avant l&rsquo;acquisition, pensez \u00e0 ouvrir sur place un compte en dirhams convertibles en devises. Ce compte facilitera le transfert de l&rsquo;argent n\u00e9cessaire \u00e0 l&rsquo;achat du bien et facilitera le rapatriement de la plus-value en cas de revente.<\/p>\n<p><b>5. Signez le contrat de vente aupr\u00e8s d&rsquo;un notaire<\/b><\/p>\n<p>C&rsquo;est en revanche votre banque qui d\u00e9clare la transaction \u00e0 l&rsquo;Office des Changes, pour que vous puissiez b\u00e9n\u00e9ficier, en cas de revente, du rapatriement des fonds et de la plus-value en France.<\/p>\n<p>6. Imp\u00f4ts et taxes<\/p>\n<p>Toute transaction immobili\u00e8re, au Maroc comme en France, s&rsquo;accompagne du r\u00e8glement d&rsquo;imp\u00f4ts et de frais divers :<\/p>\n<p>&#8211; droits d&rsquo;enregistrement : 2,5 % du montant de la transaction (Taxe sur la Valeur Ajout\u00e9e incluse),<\/p>\n<p>&#8211; taxe notariale : 0,5 %,<\/p>\n<p>&#8211; frais de conservation fonci\u00e8re : 1 % + 150 dirhams (1 dirham = environ 0,09 \u20ac, soit 13 \u20ac),<\/p>\n<p>&#8211; mise \u00e0 jour des constructions \u00e0 la Conservation Fonci\u00e8re (si n\u00e9cessaire) : 0,5 % + 75 dirhams (soit environ 7 \u20ac),<\/p>\n<p>&#8211; honoraires du notaire : 1 %, avec un minimum de perception de 2 500 dirhams (soit environ 223 \u20ac), et la TVA \u00e0 7 %,<\/p>\n<p>&#8211; frais divers (timbres, etc..) : 1 500 \u00e0 3 000 dirhams environ suivant les dossiers (entre 133 et 267 \u20ac),<\/p>\n<p>&#8211; honoraires d&rsquo;agence immobili\u00e8re (le cas \u00e9ch\u00e9ant).<\/p>\t\t\t\t\t\t\t\t<\/div>\n\t\t\t\t<\/div>\n\t\t\t\t\t<\/div>\n\t\t<\/div>\n\t\t\t\t\t<\/div>\n\t\t<\/section>\n\t\t\t\t<section class=\"elementor-section elementor-top-section elementor-element elementor-element-dba3e28 elementor-section-boxed elementor-section-height-default elementor-section-height-default\" data-id=\"dba3e28\" data-element_type=\"section\" data-e-type=\"section\">\n\t\t\t\t\t\t<div class=\"elementor-container elementor-column-gap-default\">\n\t\t\t\t\t<div class=\"elementor-column elementor-col-100 elementor-top-column elementor-element elementor-element-3e54b4b\" data-id=\"3e54b4b\" data-element_type=\"column\" data-e-type=\"column\">\n\t\t\t<div class=\"elementor-widget-wrap elementor-element-populated\">\n\t\t\t\t\t\t<div class=\"elementor-element elementor-element-f22058b elementor-widget elementor-widget-html\" data-id=\"f22058b\" data-element_type=\"widget\" data-e-type=\"widget\" data-widget_type=\"html.default\">\n\t\t\t\t<div class=\"elementor-widget-container\">\n\t\t\t\t\t<!-- Calendly inline widget begin -->\n<div class=\"calendly-inline-widget\" data-url=\"https:\/\/calendly.com\/alamalimmo\/visite\" style=\"min-width:320px;height:630px;\"><\/div>\n<script type=\"text\/javascript\" src=\"https:\/\/assets.calendly.com\/assets\/external\/widget.js\" async=\"\"><\/script>\n<!-- Calendly inline widget end -->\t\t\t\t<\/div>\n\t\t\t\t<\/div>\n\t\t\t\t\t<\/div>\n\t\t<\/div>\n\t\t\t\t\t<\/div>\n\t\t<\/section>\n\t\t\t\t<\/div>\n\t\t","protected":false},"excerpt":{"rendered":"<p>Tout ce qu&rsquo;il faut savoir avant d&rsquo;investir au Maroc Acheter un bien immobilier \u00e0 l&rsquo;\u00e9tranger ne s&rsquo;improvise pas. N&rsquo;h\u00e9sitez donc pas \u00e0 vous faire aider par des professionnels comme votre banquier. Le Maroc a l&rsquo;avantage d&rsquo;\u00eatre francophone, mais certaines pr\u00e9cautions<\/p>\n","protected":false},"author":1,"featured_media":0,"parent":0,"menu_order":0,"comment_status":"closed","ping_status":"closed","template":"","meta":{"footnotes":""},"class_list":["post-775","page","type-page","status-publish","hentry"],"_links":{"self":[{"href":"https:\/\/alamal-immobilier.ma\/agence\/wp-json\/wp\/v2\/pages\/775","targetHints":{"allow":["GET"]}}],"collection":[{"href":"https:\/\/alamal-immobilier.ma\/agence\/wp-json\/wp\/v2\/pages"}],"about":[{"href":"https:\/\/alamal-immobilier.ma\/agence\/wp-json\/wp\/v2\/types\/page"}],"author":[{"embeddable":true,"href":"https:\/\/alamal-immobilier.ma\/agence\/wp-json\/wp\/v2\/users\/1"}],"replies":[{"embeddable":true,"href":"https:\/\/alamal-immobilier.ma\/agence\/wp-json\/wp\/v2\/comments?post=775"}],"version-history":[{"count":1,"href":"https:\/\/alamal-immobilier.ma\/agence\/wp-json\/wp\/v2\/pages\/775\/revisions"}],"predecessor-version":[{"id":31694,"href":"https:\/\/alamal-immobilier.ma\/agence\/wp-json\/wp\/v2\/pages\/775\/revisions\/31694"}],"wp:attachment":[{"href":"https:\/\/alamal-immobilier.ma\/agence\/wp-json\/wp\/v2\/media?parent=775"}],"curies":[{"name":"wp","href":"https:\/\/api.w.org\/{rel}","templated":true}]}}